1052*u - 138137. Give q(-255).
73
Let o(d) = -3*d**3 - 529*d**2 - 7732*d - 1329860. Determine o(-176).
-4
Let x(n) = -262*n - 2880. What is x(-12)?
264
Let r(s) = s**3 - 22*s**2 + 92*s - 135. Give r(18).
225
Let q(p) = 611*p**2 - 4867*p + 35. Calculate q(8).
203
Let w(u) = -3686*u + 36841. Calculate w(10).
-19
Let c(q) = 86*q + 1690. Give c(-18).
142
Let h(q) = -1472310*q. Calculate h(0).
0
Let d(u) = 3*u**3 - 39*u**2 - 7*u + 76. Give d(14).
566
Let n(z) = -90457*z - 4432386. Give n(-49).
7
Let n(p) = 7802*p + 7142. Determine n(-1).
-660
Let n(a) = -a**2 - 2174*a - 497641. What is n(-260)?
-1
Let i(z) = 33*z**2 + 10244*z - 84056. Calculate i(8).
8
Let j(r) = r**3 + 134*r**2 + 163*r - 15326. Give j(-132).
-1994
Let o(f) = -5401*f - 103. What is o(0)?
-103
Let k(l) = -l**3 + 214*l**2 - 3350*l - 6. Give k(17).
-23
Let g(j) = -9*j**2 + 2236*j - 19931. Calculate g(9).
-536
Let b(s) = 4*s**3 - 97*s**2 - 579*s - 60. Calculate b(-5).
-90
Let w(y) = -32353*y + 194256. Calculate w(6).
138
Let l(p) = -p**3 - 25*p**2 + 59*p - 13. Calculate l(-27).
-148
Let q(v) = -v**3 - 4*v**2 - 138*v + 387. Calculate q(0).
387
Let q(f) = 7*f**2 - 1563*f - 1562. Calculate q(-1).
8
Let f(t) = -4*t**2 + 6809*t + 41006. Give f(-6).
8
Let m(o) = -o**2 - 93*o - 189. Calculate m(-19).
1217
Let g(i) = -2*i**2 + 409*i - 2163. Give g(5).
-168
Let z(f) = 125*f**2 + 74*f - 5. Calculate z(0).
-5
Let v(b) = 406*b + 27266. What is v(-66)?
470
Let w(l) = 5741*l + 51662. Calculate w(-9).
-7
Let l(s) = 27*s**2 - 1059*s - 12929. Determine l(49).
7
Let f(j) = j**2 - 366*j + 10174. Calculate f(30).
94
Let t(l) = -l**3 - 6*l**2 - 19*l + 60. Give t(-7).
242
Let l(j) = j**3 + 106*j**2 + 655*j - 500. Calculate l(-99).
3262
Let w(s) = -78*s**2 + 35283*s + 23063. What is w(453)?
-40
Let v(p) = -53*p**2 - 145*p + 772. Determine v(-6).
-266
Let f(v) = 24321*v + 4426435. What is f(-182)?
13
Let h(f) = -f**2 + 4087*f - 135149. Determine h(33).
-1367
Let n(d) = -3213*d + 12384. Give n(4).
-468
Let z(k) = -643*k + 132553. Give z(206).
95
Let t(s) = 24*s**3 + 283*s**2 - 24*s + 372. Give t(-12).
-60
Let o(q) = -17*q**3 - 926*q**2 - 434*q - 108. What is o(-54)?
0
Let i(l) = 21*l**2 - 750*l + 4631. Give i(8).
-25
Let z(f) = -3*f**3 + 143*f**2 - 92*f - 363. What is z(2)?
1
Let r(b) = -b**3 + 193*b**2 + 879*b + 21975. Determine r(198).
-3
Let t(a) = -3079*a - 49130. What is t(-16)?
134
Let t(d) = -9*d**3 - 2*d**2 + 2*d - 8. Give t(-3).
211
Let w(r) = -2*r**2 - 3675*r - 237254. Calculate w(-67).
-7
Let x(y) = 197843*y + 593535. Calculate x(-3).
6
Let o(x) = 239791*x + 3117277. What is o(-13)?
-6
Let o(h) = h**3 - 244*h**2 - 5281*h - 25. Determine o(-20).
-5
Let m(p) = 4*p**3 + 102*p**2 + 346*p - 1874. What is m(-20)?
6
Let o(h) = -2*h**2 + 34537*h - 724395. Give o(21).
0
Let g(n) = 3*n**3 - 4*n + 901. Determine g(0).
901
Let p(c) = -9*c**3 + 142*c**2 - 223*c - 1332. Calculate p(13).
-6
Let x(g) = g**3 + 244*g**2 + 947*g - 56. Give x(-4).
-4
Let w(c) = -462*c + 12423. What is w(27)?
-51
Let c(i) = -64*i**2 + 11849*i + 10228. Calculate c(186).
-2
Let o(f) = 81342*f - 569413. Calculate o(7).
-19
Let w(y) = -5921*y + 201343. Determine w(34).
29
Let b(l) = 7*l - 1551. What is b(248)?
185
Let u(o) = 77*o**2 + 12397*o + 30. What is u(-161)?
30
Let c(j) = -2*j**2 + 173*j + 906. Give c(93).
-303
Let w(k) = 10*k**3 - 34*k**2 - 52*k + 203. Give w(5).
343
Let f(z) = -2*z**2 - 702*z + 24617. What is f(31)?
933
Let d(h) = -262*h - 10443. Determine d(-39).
-225
Let f(t) = -285*t**3 - 14*t**2 - 31*t - 17. Calculate f(-1).
285
Let f(g) = 1306*g + 38070. Calculate f(-29).
196
Let u(q) = -25938*q**2 - 337196*q - 32. Determine u(-13).
-6
Let n(r) = -9*r**2 - 608*r - 6212. Give n(-55).
3
Let x(z) = 2898*z - 2825. Give x(1).
73
Let u(y) = -29*y**2 - 15703*y + 23900. Give u(-543).
8
Let p(d) = -21408*d - 320228. Calculate p(-15).
892
Let x(v) = 649*v - 202995. Give x(310).
-1805
Let b(f) = -146244*f + 3071119. What is b(21)?
-5
Let w(b) = 2*b**2 + 150*b - 2794. Calculate w(-88).
-506
Let u(k) = 2*k**3 - 234*k**2 + 1074*k - 70607. Calculate u(115).
3
Let x(i) = -232*i + 21649. Determine x(94).
-159
Let b(v) = -91*v**2 + 1370*v - 74. Calculate b(15).
1
Let q(x) = 2483212*x - 12416058. What is q(5)?
2
Let v(k) = -k**3 + 223*k**2 - 2*k + 482. What is v(223)?
36
Let n(r) = 6*r**3 - 14*r**2 + 18*r - 86. Determine n(9).
3316
Let u(s) = -s**2 + 17*s + 23025. Calculate u(-142).
447
Let v(n) = -21*n**3 + 401*n**2 - 9*n - 181. What is v(19)?
370
Let h(g) = -100*g + 2003. Determine h(13).
703
Let o(s) = s**2 - 69*s + 421. Calculate o(7).
-13
Let y(r) = -r**3 - 8*r**2 - 32*r - 445. Determine y(-10).
75
Let p(c) = -454*c + 19458. Determine p(43).
-64
Let g(o) = 1096*o - 44842. Give g(40).
-1002
Let s(x) = 61*x**2 + 22741*x + 45485. Calculate s(-2).
247
Let k(i) = -2*i**3 - 136*i**2 + 420*i + 1665. Give k(-71).
2091
Let z(s) = 4*s**3 - 1020*s**2 - 2073*s + 4334. Determine z(257).
-35
Let t(o) = -874*o**2 - 320*o - 3. What is t(2)?
-4139
Let m(v) = -119*v**3 - 2*v**2 - 30*v + 45. Give m(3).
-3276
Let v(s) = 7*s**3 + 144*s**2 - 161*s - 2012. What is v(-21)?
46
Let g(o) = 13*o - 1852. Calculate g(-147).
-3763
Let w(g) = 8*g**2 + 226*g - 3981. Determine w(19).
3201
Let w(k) = 236*k - 4626. What is w(20)?
94
Let k(o) = 5*o**3 + 226*o**2 + 34*o - 365. Calculate k(-45).
130
Let z(w) = -4*w**2 - 131*w - 123. Determine z(4).
-711
Let z(y) = -3*y**2 + 1561*y - 113383. Calculate z(433).
63
Let m(l) = 6*l**2 - 2703*l - 2702. Calculate m(-1).
7
Let x(v) = -3585*v + 215146. Give x(60).
46
Let w(d) = 3*d**3 - 33*d**2 + 9576*d - 56916. What is w(6)?
0
Let g(d) = -d**3 + 7*d**2 - 374*d + 2621. What is g(7)?
3
Let u(b) = 2157*b + 1292125. Determine u(-599).
82
Let h(d) = -655519*d + 1966542. Determine h(3).
-15
Let h(b) = -149*b - 13282. Determine h(-75).
-2107
Let b(u) = -u**2 - 9*u + 128. What is b(-6)?
146
Let q(g) = -17*g**3 - 5*g**2 - 98*g - 95. Determine q(-1).
15
Let h(v) = 3630*v**2 + 3619*v + 4. Calculate h(-1).
15
Let h(z) = 9*z**3 + 3097*z**2 + 337*z - 2407. Give h(-344).
1
Let x(o) = 8*o**3 + 349*o**2 - 1680*o + 19. What is x(-48)?
19
Let a(k) = -3*k**2 + 402*k - 3077. What is a(8)?
-53
Let n(m) = m**2 - 1904*m + 479512. What is n(299)?
-383
Let c(v) = -21*v**3 - 107*v**2 + 126*v + 678. Determine c(-5).
-2
Let n(r) = 548996*r - 3294026. Give n(6).
-50
Let l(n) = -8*n**2 - 218*n - 981. Calculate l(-5).
-91
Let s(m) = 4*m**3 + 29*m**2 + 448*m + 3849. Give s(-8).
73
Let j(q) = 26*q**3 + 361*q**2 + 1089*q + 15829. Give j(-14).
-5
Let f(c) = -1032*c - 657401. Calculate f(-637).
-17
Let q(u) = -u**3 + 31*u**2 - 138*u + 103. What is q(4)?
-17
Let u(z) = z**3 + 8*z**2 + 4233*z + 42524. Determine u(-10).
-6
Let j(x) = -625*x**2 + 12144*x + 20600. Give j(21).
-1
Let l(z) = -1248*z**2 - 9990*z - 75. What is l(-8)?
-27
Let k(a) = -179173*a - 179220. What is k(-1)?
-47
Let q(v) = 6*v**2 + 296*v - 160. Calculate q(-37).
-2898
Let n(q) = 2*q**2 + 2041*q + 348691. Calculate n(-217).
-28
Let l(d) = -2*d**3 - 1451*d**2 - 15728*d - 98. Determine l(-11).
1
Let h(g) = 72*g**3 - 8*g**2 + 26*g - 4. What is h(2)?
592
Let h(p) = -32*p**2 - 4759*p - 14273. Calculate h(-3).
-284
Let w(z) = -z**3 + 9*z**2 + 2050*z - 88. Calculate w(50).
-88
Let v(i) = 182*i + 13306. What is v(-73)?
20
Let j(i) = 148435*i + 2078100. Calculate j(-14).
10
Let o(u) = -2*u**3 - 40*u**2 - 211*u - 918. Give o(-15).
-3
Let z(u) = 12*u**2 + 326*u - 155. Calculate z(-27).
-209
Let g(p) = 19*p**2 - 186*p + 16. Give g(10).
56
Let c(a) = -14*a**2 + 2467*a - 954. Determine c(176).
-426
Let v(z) = -227*z + 26538. Give v(117).
-21
Let l(z) = -5*z**2 + 9958*z - 149245. Determine l(15).
-1000
Let u(o) = -13*o**2 + 47*o + 125. Calculate u(7).
-183
Let l(n) = -1888*n + 1206422. Give l(639).
-10
Let c(m) = 15156*m - 45290. Calculate c(3).
178
Let a(p) = p**2 + 510*p + 12058. What is a(-24)?
394
Let y(a) = a**3 - 14*a**2 - 4*a + 14. Calculate y(7).
-357
Let g(l) = l**3 - l**2 - 642*l - 1280. What is g(-2)?
-8
Let z(x) = 5*x**2 - 129*x + 119. What is z(24)?
-97
Let d(z) = 4764*z - 14228. Determine d(3).
64
Let i(b) = -2*b**2 - 202*b - 4919. Give i(-60).
1
Let g(t) = -3*t**2 - 8635*t - 162907. Determine g(-19).
75
Let w(s) = 4*s**3 - 199*s**2 + 532*s - 711. Calculate w(47).
-6
Let v(j) = -376*j**2 - 308*j - 311. Ca